{"id":147,"date":"2019-09-25T20:37:10","date_gmt":"2019-09-25T20:37:10","guid":{"rendered":"http:\/\/wp.kernkosmetik.de\/?page_id=147"},"modified":"2023-03-07T20:39:35","modified_gmt":"2023-03-07T20:39:35","slug":"zusatzleistungen","status":"publish","type":"page","link":"https:\/\/kernkosmetik.de\/?page_id=147","title":{"rendered":"Zusatzleistungen"},"content":{"rendered":"\n<p><strong>Leinsamenpackung<\/strong><br>wirkt entz\u00fcndungshemmend, reizlindernd und durchfeuchtend<br><br><strong>Ginseng-Vlies<\/strong><br>Extrakt aus der asiatischen Ginseng-Wurzel, regenerierend und durchblutungsf\u00f6rdernd<br><br><strong>Phyto Antiage Packung<\/strong><br>feuchtigkeitsspendende und zellstimulierende Phytohormone aus Hopfen und Yamswurzel sowie antioxidative Extrakte aus Rosmarin<br><br><strong>Seidenprotein-Maske<\/strong><br>Unterst\u00fctzende Zellerneuerung mit Hyaluron, Akaziencollagen, Coenzym Q10 und ultrafeinen Seidenproteinen.<br><br><strong>Hydro Wellness Plus<\/strong><br>Erfrischendes Wohlf\u00fchlerlebnis mit einer zarten Entspannungsmassage und hochkonzentriertem Algenextrakt.<br><br><strong>W\u00e4rmende Bienenwachs Modellage<\/strong><br>Die warm aufgetragene Modellage mit Sheabutter, Nachtkerzen\u00f6l, Vitamin A und E sowie einer intensiven Massage f\u00fcr Kopfhaut, Gesicht und Nacken.<br><br><strong>Regenerativ mit Stammzellen<\/strong><br>Stammzellen der Alpenrose dringen durch einen liposomalen Wirkstoff\u00adtr\u00e4ger in tiefere Hautschichten. Be\u00adschleunigt die Repairfunktion, verbessert die Feuchtigkeit, Vitalit\u00e4t und Festigkeit der Haut.<br><br><strong>Exquisit Augenbehandlung<\/strong><br>Die Anregung des Lymph- und Me\u00adri\u00ad\u00addian\u00adflusses mildert Schwellungen und F\u00e4ltchen und sorgt f\u00fcr ein frisches Aussehen. Mit Wirkstoff\u00adkon\u00ad\u00adzentraten aus Hyaluron, Phyto\u00ads\u00adqualen, Aloe Vera, Allantoin und Antioxidantien.<br><br><strong>Zusatzleistungen<\/strong> in Verbindung mit einer Gesichtsbehandlung<br>Wimpern f\u00e4rben<br>Augenbrauen f\u00e4rben<br>Augenbrauenkorrektur<br>Make-up<br>Manik\u00fcre, ohne Lack <br>Lackieren der N\u00e4gel, farbig <br>Hand-\/Armpackung <br>Enthaarung Gesicht  (Warmwachs)<br>Enthaarung Beine (Warmwachs) <br><br><\/p>\n","protected":false},"excerpt":{"rendered":"<p>Leinsamenpackungwirkt entz\u00fcndungshemmend, reizlindernd und durchfeuchtend Ginseng-VliesExtrakt aus der asiatischen Ginseng-Wurzel, regenerierend und durchblutungsf\u00f6rdernd Phyto Antiage Packungfeuchtigkeitsspendende und zellstimulierende Phytohormone aus Hopfen und Yamswurzel&hellip;<\/p>\n","protected":false},"author":1,"featured_media":297,"parent":0,"menu_order":0,"comment_status":"closed","ping_status":"closed","template":"page-templates\/full-width.php","meta":{"footnotes":""},"class_list":["post-147","page","type-page","status-publish","has-post-thumbnail","hentry"],"_links":{"self":[{"href":"https:\/\/kernkosmetik.de\/index.php?rest_route=\/wp\/v2\/pages\/147","targetHints":{"allow":["GET"]}}],"collection":[{"href":"https:\/\/kernkosmetik.de\/index.php?rest_route=\/wp\/v2\/pages"}],"about":[{"href":"https:\/\/kernkosmetik.de\/index.php?rest_route=\/wp\/v2\/types\/page"}],"author":[{"embeddable":true,"href":"https:\/\/kernkosmetik.de\/index.php?rest_route=\/wp\/v2\/users\/1"}],"replies":[{"embeddable":true,"href":"https:\/\/kernkosmetik.de\/index.php?rest_route=%2Fwp%2Fv2%2Fcomments&post=147"}],"version-history":[{"count":4,"href":"https:\/\/kernkosmetik.de\/index.php?rest_route=\/wp\/v2\/pages\/147\/revisions"}],"predecessor-version":[{"id":288,"href":"https:\/\/kernkosmetik.de\/index.php?rest_route=\/wp\/v2\/pages\/147\/revisions\/288"}],"wp:featuredmedia":[{"embeddable":true,"href":"https:\/\/kernkosmetik.de\/index.php?rest_route=\/wp\/v2\/media\/297"}],"wp:attachment":[{"href":"https:\/\/kernkosmetik.de\/index.php?rest_route=%2Fwp%2Fv2%2Fmedia&parent=147"}],"curies":[{"name":"wp","href":"https:\/\/api.w.org\/{rel}","templated":true}]}}