{"id":244,"date":"2019-10-07T15:42:53","date_gmt":"2019-10-07T15:42:53","guid":{"rendered":"http:\/\/wp.kernkosmetik.de\/?page_id=244"},"modified":"2023-03-07T20:37:54","modified_gmt":"2023-03-07T20:37:54","slug":"wohlgefuehl-einklang","status":"publish","type":"page","link":"https:\/\/kernkosmetik.de\/?page_id=244","title":{"rendered":"Wohlgef\u00fchl &#038; Einklang"},"content":{"rendered":"\n<div class=\"wp-block-image\"><figure class=\"alignleft size-thumbnail\"><img loading=\"lazy\" decoding=\"async\" width=\"150\" height=\"150\" src=\"https:\/\/kernkosmetik.de\/wp-content\/uploads\/2023\/03\/kern_16-150x150.jpg\" alt=\"\" class=\"wp-image-305\" srcset=\"https:\/\/kernkosmetik.de\/wp-content\/uploads\/2023\/03\/kern_16-150x150.jpg 150w, https:\/\/kernkosmetik.de\/wp-content\/uploads\/2023\/03\/kern_16-300x300.jpg 300w, https:\/\/kernkosmetik.de\/wp-content\/uploads\/2023\/03\/kern_16.jpg 1024w, https:\/\/kernkosmetik.de\/wp-content\/uploads\/2023\/03\/kern_16-768x768.jpg 768w, https:\/\/kernkosmetik.de\/wp-content\/uploads\/2023\/03\/kern_16-690x690.jpg 690w\" sizes=\"auto, (max-width: 150px) 100vw, 150px\" \/><\/figure><\/div>\n\n\n\n<p>Diese zweifach wirkende Ganzk\u00f6rperbehandlung beinhaltet Ma\u00adssa\u00adge\u00ad\u00adtechniken sowie hochaktive Wirk\u00adstoffkomplexe aus der Aromatherapie. Passende \u00e4therischen \u00d6le,&nbsp;<br>Hydrolate und Samen\u00f6le werden in\u00ad\u00ad\u00addividuell auf Sie abgestimmt. Einem aromatisierten Fu\u00dfbad folgen Fu\u00df-, Hand- &amp; Armausstreichungen. Eine anschlie\u00dfende Kopfmassage (nach tcm) wirkt ausgleichend und l\u00f6st Ver\u00adspan\u00adnungen im Schulter- und Nackenbereich. Die wohltuende Gesichtsbehandlung wird zus\u00e4tzlich unterst\u00fctzt durch Halbedelsteine.<br><br><strong>Licht &amp; Farbe<\/strong><br>Zu jeder Behandlung schalte ich unterst\u00fctzend ein Farblichtger\u00e4t ein. Der Frequenzbereich liegt bei 750 nm (Rosa) bis 410 nm (Indigo). Durch die Schwingung der Farbe k\u00f6nnen wir entweder eine anregende oder eine beruhigende und harmonisierende Wirkung im k\u00f6rperlich, geistigen und auch im seelischen Befinden erzielen. Farblichtbestrahlungen stimulieren unseren Stoffwechsel, den Hormonhaushalt, aktivieren die Blutbildung und wirken auf das autonome Nervensystem.<br><br><strong>verwendete Naturkosmetik<\/strong><br>Ihre Haut kann sich aus eigener Kraft versorgen und erneuern. Primavera-Produkte verhelfen ihr gezielt und ganz\u00adheitlich zu ihrem Gleich\u00ad\u00ad\u00adge\u00adwicht zur\u00fcck. Die nat\u00fcrlichen Zu\u00adtaten werden \u2013 soweit verf\u00fcgbar \u2013 aus kontrolliert-bio\u00adlogischem oder Demeter-Anbau bezogen.<br><br>Dauer: ca. 120 Minuten<br><br>Sie k\u00f6nnen diese Anwendung durch die Kombination mit <a href=\"http:\/\/wp.kernkosmetik.de\/?page_id=147\">Zusatzleistungen<\/a> individualisieren. <\/p>\n","protected":false},"excerpt":{"rendered":"<p>Diese zweifach wirkende Ganzk\u00f6rperbehandlung beinhaltet Ma\u00adssa\u00adge\u00ad\u00adtechniken sowie hochaktive Wirk\u00adstoffkomplexe aus der Aromatherapie. Passende \u00e4therischen \u00d6le,&nbsp;Hydrolate und Samen\u00f6le werden in\u00ad\u00ad\u00addividuell auf Sie abgestimmt. Einem&hellip;<\/p>\n","protected":false},"author":1,"featured_media":305,"parent":239,"menu_order":0,"comment_status":"closed","ping_status":"closed","template":"page-templates\/full-width-no-img.php","meta":{"footnotes":""},"class_list":["post-244","page","type-page","status-publish","has-post-thumbnail","hentry"],"_links":{"self":[{"href":"https:\/\/kernkosmetik.de\/index.php?rest_route=\/wp\/v2\/pages\/244","targetHints":{"allow":["GET"]}}],"collection":[{"href":"https:\/\/kernkosmetik.de\/index.php?rest_route=\/wp\/v2\/pages"}],"about":[{"href":"https:\/\/kernkosmetik.de\/index.php?rest_route=\/wp\/v2\/types\/page"}],"author":[{"embeddable":true,"href":"https:\/\/kernkosmetik.de\/index.php?rest_route=\/wp\/v2\/users\/1"}],"replies":[{"embeddable":true,"href":"https:\/\/kernkosmetik.de\/index.php?rest_route=%2Fwp%2Fv2%2Fcomments&post=244"}],"version-history":[{"count":6,"href":"https:\/\/kernkosmetik.de\/index.php?rest_route=\/wp\/v2\/pages\/244\/revisions"}],"predecessor-version":[{"id":320,"href":"https:\/\/kernkosmetik.de\/index.php?rest_route=\/wp\/v2\/pages\/244\/revisions\/320"}],"up":[{"embeddable":true,"href":"https:\/\/kernkosmetik.de\/index.php?rest_route=\/wp\/v2\/pages\/239"}],"wp:featuredmedia":[{"embeddable":true,"href":"https:\/\/kernkosmetik.de\/index.php?rest_route=\/wp\/v2\/media\/305"}],"wp:attachment":[{"href":"https:\/\/kernkosmetik.de\/index.php?rest_route=%2Fwp%2Fv2%2Fmedia&parent=244"}],"curies":[{"name":"wp","href":"https:\/\/api.w.org\/{rel}","templated":true}]}}

Wohlgefühl &#038; Einklang

<div class="wp-block-image"><figure class="alignleft size-thumbnail"><img loading="lazy" decoding="async" width="150" height="150" src="https://kernkosmetik.de/wp-content/uploads/2023/03/kern_16-150x150.jpg" alt="" class="wp-image-305" srcset="https://kernkosmetik.de/wp-content/uploads/2023/03/kern_16-150x150.jpg 150w, https://kernkosmetik.de/wp-content/uploads/2023/03/kern_16-300x300.jpg 300w, https://kernkosmetik.de/wp-content/uploads/2023/03/kern_16.jpg 1024w, https://kernkosmetik.de/wp-content/uploads/2023/03/kern_16-768x768.jpg 768w, https://kernkosmetik.de/wp-content/uploads/2023/03/kern_16-690x690.jpg 690w" sizes="auto, (max-width: 150px) 100vw, 150px" /></figure></div>



<p>Diese zweifach wirkende Ganzkörperbehandlung beinhaltet Ma­ssa­ge­­techniken sowie hochaktive Wirk­stoffkomplexe aus der Aromatherapie. Passende ätherischen Öle,&nbsp;<br>Hydrolate und Samenöle werden in­­­dividuell auf Sie abgestimmt. Einem aromatisierten Fußbad folgen Fuß-, Hand- &amp; Armausstreichungen. Eine anschließende Kopfmassage (nach tcm) wirkt ausgleichend und löst Ver­span­nungen im Schulter- und Nackenbereich. Die wohltuende Gesichtsbehandlung wird zusätzlich unterstützt durch Halbedelsteine.<br><br><strong>Licht &amp; Farbe</strong><br>Zu jeder Behandlung schalte ich unterstützend ein Farblichtgerät ein. Der Frequenzbereich liegt bei 750 nm (Rosa) bis 410 nm (Indigo). Durch die Schwingung der Farbe können wir entweder eine anregende oder eine beruhigende und harmonisierende Wirkung im körperlich, geistigen und auch im seelischen Befinden erzielen. Farblichtbestrahlungen stimulieren unseren Stoffwechsel, den Hormonhaushalt, aktivieren die Blutbildung und wirken auf das autonome Nervensystem.<br><br><strong>verwendete Naturkosmetik</strong><br>Ihre Haut kann sich aus eigener Kraft versorgen und erneuern. Primavera-Produkte verhelfen ihr gezielt und ganz­heitlich zu ihrem Gleich­­­ge­wicht zurück. Die natürlichen Zu­taten werden – soweit verfügbar – aus kontrolliert-bio­logischem oder Demeter-Anbau bezogen.<br><br>Dauer: ca. 120 Minuten<br><br>Sie können diese Anwendung durch die Kombination mit <a href="http://wp.kernkosmetik.de/?page_id=147">Zusatzleistungen</a> individualisieren. </p>

<p>Diese zweifach wirkende Ganzkörperbehandlung beinhaltet Ma­ssa­ge­­techniken sowie hochaktive Wirk­stoffkomplexe aus der Aromatherapie. Passende ätherischen Öle,&nbsp;Hydrolate und Samenöle werden in­­­dividuell auf Sie abgestimmt. Einem&hellip;</p>
