{"id":92,"date":"2019-09-25T12:39:45","date_gmt":"2019-09-25T12:39:45","guid":{"rendered":"http:\/\/wp.kernkosmetik.de\/?page_id=92"},"modified":"2023-03-07T20:28:45","modified_gmt":"2023-03-07T20:28:45","slug":"leistungen","status":"publish","type":"page","link":"https:\/\/kernkosmetik.de\/?page_id=92","title":{"rendered":"Gesichtsanwendungen"},"content":{"rendered":"<div class='child_page_row'><div><a href='https:\/\/kernkosmetik.de\/?page_id=94'><div class='child_page_thumb'><img loading=\"lazy\" decoding=\"async\" width=\"250\" height=\"250\" src=\"https:\/\/kernkosmetik.de\/wp-content\/uploads\/2023\/03\/kern_01-300x300.jpg\" class=\"attachment-250x250 size-250x250 wp-post-image\" alt=\"\" srcset=\"https:\/\/kernkosmetik.de\/wp-content\/uploads\/2023\/03\/kern_01-300x300.jpg 300w, https:\/\/kernkosmetik.de\/wp-content\/uploads\/2023\/03\/kern_01.jpg 1024w, https:\/\/kernkosmetik.de\/wp-content\/uploads\/2023\/03\/kern_01-150x150.jpg 150w, https:\/\/kernkosmetik.de\/wp-content\/uploads\/2023\/03\/kern_01-768x768.jpg 768w, https:\/\/kernkosmetik.de\/wp-content\/uploads\/2023\/03\/kern_01-690x690.jpg 690w\" sizes=\"auto, (max-width: 250px) 100vw, 250px\" \/><\/div><div class='child_page_title'>Reinigung<\/div><\/a><\/div><div><a href='https:\/\/kernkosmetik.de\/?page_id=96'><div class='child_page_thumb'><img loading=\"lazy\" decoding=\"async\" width=\"250\" height=\"250\" src=\"https:\/\/kernkosmetik.de\/wp-content\/uploads\/2023\/03\/kern_07-300x300.jpg\" class=\"attachment-250x250 size-250x250 wp-post-image\" alt=\"\" srcset=\"https:\/\/kernkosmetik.de\/wp-content\/uploads\/2023\/03\/kern_07-300x300.jpg 300w, https:\/\/kernkosmetik.de\/wp-content\/uploads\/2023\/03\/kern_07.jpg 1024w, https:\/\/kernkosmetik.de\/wp-content\/uploads\/2023\/03\/kern_07-150x150.jpg 150w, https:\/\/kernkosmetik.de\/wp-content\/uploads\/2023\/03\/kern_07-768x768.jpg 768w, https:\/\/kernkosmetik.de\/wp-content\/uploads\/2023\/03\/kern_07-690x690.jpg 690w\" sizes=\"auto, (max-width: 250px) 100vw, 250px\" \/><\/div><div class='child_page_title'>Kleine Auszeit<\/div><\/a><\/div><div><a href='https:\/\/kernkosmetik.de\/?page_id=98'><div class='child_page_thumb'><img loading=\"lazy\" decoding=\"async\" width=\"250\" height=\"250\" src=\"https:\/\/kernkosmetik.de\/wp-content\/uploads\/2023\/03\/kern_15-300x300.jpg\" class=\"attachment-250x250 size-250x250 wp-post-image\" alt=\"\" srcset=\"https:\/\/kernkosmetik.de\/wp-content\/uploads\/2023\/03\/kern_15-300x300.jpg 300w, https:\/\/kernkosmetik.de\/wp-content\/uploads\/2023\/03\/kern_15.jpg 1024w, https:\/\/kernkosmetik.de\/wp-content\/uploads\/2023\/03\/kern_15-150x150.jpg 150w, https:\/\/kernkosmetik.de\/wp-content\/uploads\/2023\/03\/kern_15-768x768.jpg 768w, https:\/\/kernkosmetik.de\/wp-content\/uploads\/2023\/03\/kern_15-690x690.jpg 690w\" sizes=\"auto, (max-width: 250px) 100vw, 250px\" \/><\/div><div class='child_page_title'>Revital<\/div><\/a><\/div><div><a href='https:\/\/kernkosmetik.de\/?page_id=100'><div class='child_page_thumb'><img loading=\"lazy\" decoding=\"async\" width=\"250\" height=\"250\" src=\"https:\/\/kernkosmetik.de\/wp-content\/uploads\/2023\/03\/kern_17-300x300.jpg\" class=\"attachment-250x250 size-250x250 wp-post-image\" alt=\"\" srcset=\"https:\/\/kernkosmetik.de\/wp-content\/uploads\/2023\/03\/kern_17-300x300.jpg 300w, https:\/\/kernkosmetik.de\/wp-content\/uploads\/2023\/03\/kern_17.jpg 1024w, https:\/\/kernkosmetik.de\/wp-content\/uploads\/2023\/03\/kern_17-150x150.jpg 150w, https:\/\/kernkosmetik.de\/wp-content\/uploads\/2023\/03\/kern_17-768x768.jpg 768w, https:\/\/kernkosmetik.de\/wp-content\/uploads\/2023\/03\/kern_17-690x690.jpg 690w\" sizes=\"auto, (max-width: 250px) 100vw, 250px\" \/><\/div><div class='child_page_title'>Primavera Behandlungen<\/div><\/a><\/div><\/div>\n\n\n\n<p>Die verschiedenen Gesichts- &amp; Dekollet\u00e9 Anwendungen werden durch eine eingehende Hautdiagnose individuell an Ihre aktuellen Hautbed\u00fcrfnisse angepasst. So k\u00f6nnen Wirkstoffe gezielt im Sinne einer \u00bbVorsorgenden Gesundheitspflege\u00ab ausgew\u00e4hlt werden.<br>Eine anschlie\u00dfende Tiefenreinigung befreit die Haut von Schmutz und abgestorbenen Hautzellen.<br>Je nach Anwendung wird die Behandlung mit Wirkstoffmasken &amp; Packungen, Gesichts-, Hals- &amp; Dekollet\u00e9massagen, Augenbrauen Korrekturen &amp; Make-Up sowie anderen <a href=\"http:\/\/wp.kernkosmetik.de\/?page_id=147\">Zusatzleistungen<\/a> zu einem Wohlf\u00fchlangebot f\u00fcr h\u00f6chste Anspr\u00fcche kombiniert. <\/p>\n","protected":false},"excerpt":{"rendered":"<p>Die verschiedenen Gesichts- &amp; Dekollet\u00e9 Anwendungen werden durch eine eingehende Hautdiagnose individuell an Ihre aktuellen Hautbed\u00fcrfnisse angepasst. So k\u00f6nnen Wirkstoffe gezielt im Sinne&hellip;<\/p>\n","protected":false},"author":1,"featured_media":299,"parent":0,"menu_order":0,"comment_status":"closed","ping_status":"closed","template":"page-templates\/full-width.php","meta":{"footnotes":""},"class_list":["post-92","page","type-page","status-publish","has-post-thumbnail","hentry"],"_links":{"self":[{"href":"https:\/\/kernkosmetik.de\/index.php?rest_route=\/wp\/v2\/pages\/92","targetHints":{"allow":["GET"]}}],"collection":[{"href":"https:\/\/kernkosmetik.de\/index.php?rest_route=\/wp\/v2\/pages"}],"about":[{"href":"https:\/\/kernkosmetik.de\/index.php?rest_route=\/wp\/v2\/types\/page"}],"author":[{"embeddable":true,"href":"https:\/\/kernkosmetik.de\/index.php?rest_route=\/wp\/v2\/users\/1"}],"replies":[{"embeddable":true,"href":"https:\/\/kernkosmetik.de\/index.php?rest_route=%2Fwp%2Fv2%2Fcomments&post=92"}],"version-history":[{"count":7,"href":"https:\/\/kernkosmetik.de\/index.php?rest_route=\/wp\/v2\/pages\/92\/revisions"}],"predecessor-version":[{"id":286,"href":"https:\/\/kernkosmetik.de\/index.php?rest_route=\/wp\/v2\/pages\/92\/revisions\/286"}],"wp:featuredmedia":[{"embeddable":true,"href":"https:\/\/kernkosmetik.de\/index.php?rest_route=\/wp\/v2\/media\/299"}],"wp:attachment":[{"href":"https:\/\/kernkosmetik.de\/index.php?rest_route=%2Fwp%2Fv2%2Fmedia&parent=92"}],"curies":[{"name":"wp","href":"https:\/\/api.w.org\/{rel}","templated":true}]}}