{"id":96,"date":"2019-09-25T12:45:16","date_gmt":"2019-09-25T12:45:16","guid":{"rendered":"http:\/\/wp.kernkosmetik.de\/?page_id=96"},"modified":"2023-03-07T20:33:51","modified_gmt":"2023-03-07T20:33:51","slug":"leistung-b","status":"publish","type":"page","link":"https:\/\/kernkosmetik.de\/?page_id=96","title":{"rendered":"Kleine Auszeit"},"content":{"rendered":"\n<div class=\"wp-block-image\"><figure class=\"alignleft size-thumbnail\"><img loading=\"lazy\" decoding=\"async\" width=\"150\" height=\"150\" src=\"https:\/\/kernkosmetik.de\/wp-content\/uploads\/2023\/03\/kern_07-150x150.jpg\" alt=\"\" class=\"wp-image-301\" srcset=\"https:\/\/kernkosmetik.de\/wp-content\/uploads\/2023\/03\/kern_07-150x150.jpg 150w, https:\/\/kernkosmetik.de\/wp-content\/uploads\/2023\/03\/kern_07-300x300.jpg 300w, https:\/\/kernkosmetik.de\/wp-content\/uploads\/2023\/03\/kern_07.jpg 1024w, https:\/\/kernkosmetik.de\/wp-content\/uploads\/2023\/03\/kern_07-768x768.jpg 768w, https:\/\/kernkosmetik.de\/wp-content\/uploads\/2023\/03\/kern_07-690x690.jpg 690w\" sizes=\"auto, (max-width: 150px) 100vw, 150px\" \/><\/figure><\/div>\n\n\n\n<p>Kleine Auszeit nach Gertraut Gruber<br>Die individuell an Ihre aktuellen Hautbed\u00fcrfnisse angepasste Gesichtbehandlung f\u00fcr h\u00f6chste Anspr\u00fcche und wenig Zeit. Erreichen Sie maximale Ergebnisse in k\u00fcrzester Zeit.<br><br>Dauer: ca. 60 Minuten<br><br>Bestandteile:<br>Hautdiagnose<br>Tiefenreinigung &amp; Dampf<br>Peeling &amp; Dampf<br>Ausreinigung<br>Augenbrauen korrigieren<br>Augenpackung &amp; Lippenbalsam<br>Wirkstoffmaske &amp; Packung<br>Farblichtlampe<br>kleine Gesichts-, Hals- &amp; Dekollet\u00e9massage<br>Abschlusspflege<br><br><strong>Licht &amp; Farbe<\/strong><br>Zu jeder Behandlung schalte ich unterst\u00fctzend ein Farblichtger\u00e4t ein. Der Frequenzbereich liegt bei 750 nm (Rosa) bis 410 nm (Indigo). Durch die Schwingung der Farbe k\u00f6nnen wir entweder eine anregende oder eine beruhigende und harmonisierende Wirkung im k\u00f6rperlich, geistigen und auch im seelischen Befinden erzielen. Farblichtbestrahlungen stimulieren unseren Stoffwechsel, den Hormonhaushalt, aktivieren die Blutbildung und wirken auf das autonome Nervensystem.<br><br><strong>verwendete Naturkosmetik<\/strong><br>Gertraud Gruber Kosmetik stellt Naturkosmetik g\u00e4nzlich ohne oder mit gerade so wenig Konservierung wie n\u00f6tig her. Diese Kosmetik steht in v\u00f6lliger Harmonie mit der Haut und versorgt sie genau mit jenen Wirkstoffen, die die Natur selbst f\u00fcr die Pflege der Haut vorgesehen hat.<br><br>Sie k\u00f6nnen diese Anwendung durch die Kombination mit <a href=\"http:\/\/wp.kernkosmetik.de\/?page_id=147\">Zusatzleistungen<\/a> individualisieren. <\/p>\n","protected":false},"excerpt":{"rendered":"<p>Kleine Auszeit nach Gertraut GruberDie individuell an Ihre aktuellen Hautbed\u00fcrfnisse angepasste Gesichtbehandlung f\u00fcr h\u00f6chste Anspr\u00fcche und wenig Zeit. Erreichen Sie maximale Ergebnisse in&hellip;<\/p>\n","protected":false},"author":1,"featured_media":301,"parent":92,"menu_order":1,"comment_status":"closed","ping_status":"closed","template":"page-templates\/full-width-no-img.php","meta":{"footnotes":""},"class_list":["post-96","page","type-page","status-publish","has-post-thumbnail","hentry"],"_links":{"self":[{"href":"https:\/\/kernkosmetik.de\/index.php?rest_route=\/wp\/v2\/pages\/96","targetHints":{"allow":["GET"]}}],"collection":[{"href":"https:\/\/kernkosmetik.de\/index.php?rest_route=\/wp\/v2\/pages"}],"about":[{"href":"https:\/\/kernkosmetik.de\/index.php?rest_route=\/wp\/v2\/types\/page"}],"author":[{"embeddable":true,"href":"https:\/\/kernkosmetik.de\/index.php?rest_route=\/wp\/v2\/users\/1"}],"replies":[{"embeddable":true,"href":"https:\/\/kernkosmetik.de\/index.php?rest_route=%2Fwp%2Fv2%2Fcomments&post=96"}],"version-history":[{"count":6,"href":"https:\/\/kernkosmetik.de\/index.php?rest_route=\/wp\/v2\/pages\/96\/revisions"}],"predecessor-version":[{"id":315,"href":"https:\/\/kernkosmetik.de\/index.php?rest_route=\/wp\/v2\/pages\/96\/revisions\/315"}],"up":[{"embeddable":true,"href":"https:\/\/kernkosmetik.de\/index.php?rest_route=\/wp\/v2\/pages\/92"}],"wp:featuredmedia":[{"embeddable":true,"href":"https:\/\/kernkosmetik.de\/index.php?rest_route=\/wp\/v2\/media\/301"}],"wp:attachment":[{"href":"https:\/\/kernkosmetik.de\/index.php?rest_route=%2Fwp%2Fv2%2Fmedia&parent=96"}],"curies":[{"name":"wp","href":"https:\/\/api.w.org\/{rel}","templated":true}]}}