{"id":98,"date":"2019-09-25T12:46:23","date_gmt":"2019-09-25T12:46:23","guid":{"rendered":"http:\/\/wp.kernkosmetik.de\/?page_id=98"},"modified":"2023-03-07T20:35:25","modified_gmt":"2023-03-07T20:35:25","slug":"leistung-c","status":"publish","type":"page","link":"https:\/\/kernkosmetik.de\/?page_id=98","title":{"rendered":"Revital"},"content":{"rendered":"\n<div class=\"wp-block-image\"><figure class=\"alignleft size-thumbnail\"><img loading=\"lazy\" decoding=\"async\" width=\"150\" height=\"150\" src=\"https:\/\/kernkosmetik.de\/wp-content\/uploads\/2023\/03\/kern_15-150x150.jpg\" alt=\"\" class=\"wp-image-302\" srcset=\"https:\/\/kernkosmetik.de\/wp-content\/uploads\/2023\/03\/kern_15-150x150.jpg 150w, https:\/\/kernkosmetik.de\/wp-content\/uploads\/2023\/03\/kern_15-300x300.jpg 300w, https:\/\/kernkosmetik.de\/wp-content\/uploads\/2023\/03\/kern_15.jpg 1024w, https:\/\/kernkosmetik.de\/wp-content\/uploads\/2023\/03\/kern_15-768x768.jpg 768w, https:\/\/kernkosmetik.de\/wp-content\/uploads\/2023\/03\/kern_15-690x690.jpg 690w\" sizes=\"auto, (max-width: 150px) 100vw, 150px\" \/><\/figure><\/div>\n\n\n\n<p>Die Produkte und Wirkstoffe dieser intensiven Behandlungsmethode sind nach der Philosophie \u00bbvorsorgende Gesundheitspflege\u00ab genau auf Ihr Hautbild abge\u00ad\u00adstimmt. Viel Stress und st\u00e4ndige Anspannung wirken sich nicht nur negativ auf der Haut aus, sondern belasten auch das Innenleben. Die ausgleichende Massage \u00e4hnelt einem wohltuenden Balsam. Durch gezielte Stimulierung der Nervenpunkte weicht die Nervosit\u00e4t einer inneren Ruhe und Gelassenheit.<br><br>Dauer: ca. 90 Minuten<br><br>Bestandteile:<br>Nackenmassage<br>Hautdiagnose<br>Handpackung &amp; Handmassage<br>Tiefenreinigung mit B\u00fcrste<br>Peeling &amp; Dampf<br>Ausreinigung<br>Augenbrauen korrigieren<br>Ampulle<br>Augenpackung &amp; Lippenbalsam<br>Wirkstoffmaske &amp; Packung<br>Farblichtlampe<br>umfangreiche Gesichts-, Hals- &amp; Dekollet\u00e9massage<br>Abschlusspflege<br>kleines Make-up<br><br><strong>Licht &amp; Farbe<\/strong><br>Zu jeder Behandlung schalte ich unterst\u00fctzend ein Farblichtger\u00e4t ein. Der Frequenzbereich liegt bei 750 nm (Rosa) bis 410 nm (Indigo). Durch die Schwingung der Farbe k\u00f6nnen wir entweder eine anregende oder eine beruhigende und harmonisierende Wirkung im k\u00f6rperlich, geistigen und auch im seelischen Befinden erzielen. Farblichtbestrahlungen stimulieren unseren Stoffwechsel, den Hormonhaushalt, aktivieren die Blutbildung und wirken auf das autonome Nervensystem.<br><br><strong>verwendete Naturkosmetik<\/strong><br>Gertraud Gruber Kosmetik stellt Naturkosmetik g\u00e4nzlich ohne oder mit gerade so wenig Konservierung wie n\u00f6tig her. Diese Kosmetik steht in v\u00f6lliger Harmonie mit der Haut und versorgt sie genau mit jenen Wirkstoffen, die die Natur selbst f\u00fcr die Pflege der Haut vorgesehen hat.<br><br>Sie k\u00f6nnen diese Anwendung durch die Kombination mit <a href=\"http:\/\/wp.kernkosmetik.de\/?page_id=147\">Zusatzleistungen<\/a> individualisieren. <\/p>\n","protected":false},"excerpt":{"rendered":"<p>Die Produkte und Wirkstoffe dieser intensiven Behandlungsmethode sind nach der Philosophie \u00bbvorsorgende Gesundheitspflege\u00ab genau auf Ihr Hautbild abge\u00ad\u00adstimmt. Viel Stress und st\u00e4ndige Anspannung&hellip;<\/p>\n","protected":false},"author":1,"featured_media":302,"parent":92,"menu_order":2,"comment_status":"closed","ping_status":"closed","template":"page-templates\/full-width-no-img.php","meta":{"footnotes":""},"class_list":["post-98","page","type-page","status-publish","has-post-thumbnail","hentry"],"_links":{"self":[{"href":"https:\/\/kernkosmetik.de\/index.php?rest_route=\/wp\/v2\/pages\/98","targetHints":{"allow":["GET"]}}],"collection":[{"href":"https:\/\/kernkosmetik.de\/index.php?rest_route=\/wp\/v2\/pages"}],"about":[{"href":"https:\/\/kernkosmetik.de\/index.php?rest_route=\/wp\/v2\/types\/page"}],"author":[{"embeddable":true,"href":"https:\/\/kernkosmetik.de\/index.php?rest_route=\/wp\/v2\/users\/1"}],"replies":[{"embeddable":true,"href":"https:\/\/kernkosmetik.de\/index.php?rest_route=%2Fwp%2Fv2%2Fcomments&post=98"}],"version-history":[{"count":6,"href":"https:\/\/kernkosmetik.de\/index.php?rest_route=\/wp\/v2\/pages\/98\/revisions"}],"predecessor-version":[{"id":318,"href":"https:\/\/kernkosmetik.de\/index.php?rest_route=\/wp\/v2\/pages\/98\/revisions\/318"}],"up":[{"embeddable":true,"href":"https:\/\/kernkosmetik.de\/index.php?rest_route=\/wp\/v2\/pages\/92"}],"wp:featuredmedia":[{"embeddable":true,"href":"https:\/\/kernkosmetik.de\/index.php?rest_route=\/wp\/v2\/media\/302"}],"wp:attachment":[{"href":"https:\/\/kernkosmetik.de\/index.php?rest_route=%2Fwp%2Fv2%2Fmedia&parent=98"}],"curies":[{"name":"wp","href":"https:\/\/api.w.org\/{rel}","templated":true}]}}